{"id":40,"date":"2023-05-30T19:53:49","date_gmt":"2023-05-30T19:53:49","guid":{"rendered":"https:\/\/todocalor.com.py\/web\/?page_id=40"},"modified":"2023-06-06T21:33:53","modified_gmt":"2023-06-06T21:33:53","slug":"inicio","status":"publish","type":"page","link":"https:\/\/todocalor.com.py\/web\/","title":{"rendered":"Inicio"},"content":{"rendered":"\n<div class=\"alignfull\"><div id=\"metaslider-id-28\" style=\"width: 100%;\" class=\"ml-slider-3-36-0 metaslider metaslider-flex metaslider-28 ml-slider ms-theme-outline has-dots-nav\" role=\"region\" aria-roledescription=\"Slideshow\" aria-label=\"Nueva presentaci\u00f3n de diapositivas\">\n    <div id=\"metaslider_container_28\">\n        <div id=\"metaslider_28\">\n            <ul aria-live=\"polite\" class=\"slides\">\n                <li style=\"display: block; width: 100%;\" class=\"slide-32 ms-image\" aria-roledescription=\"slide\" aria-label=\"slide-32\"><img loading=\"lazy\" decoding=\"async\" src=\"https:\/\/todocalor.com.py\/web\/wp-content\/uploads\/2023\/05\/blurred-1867514-1-scaled-2048x750.jpg\" height=\"750\" width=\"2048\" alt=\"\" class=\"slider-28 slide-32\" title=\"blurred-1867514\" \/><\/li>\n                <li style=\"display: none; width: 100%;\" class=\"slide-33 ms-image\" aria-roledescription=\"slide\" aria-label=\"slide-33\"><img loading=\"lazy\" decoding=\"async\" src=\"https:\/\/todocalor.com.py\/web\/wp-content\/uploads\/2023\/05\/food-2616326-scaled-2048x750.jpg\" height=\"750\" width=\"2048\" alt=\"\" class=\"slider-28 slide-33\" title=\"food-2616326\" \/><\/li>\n                <li style=\"display: none; width: 100%;\" class=\"slide-34 ms-image\" aria-roledescription=\"slide\" aria-label=\"slide-34\"><img loading=\"lazy\" decoding=\"async\" src=\"https:\/\/todocalor.com.py\/web\/wp-content\/uploads\/2023\/05\/kitchen-731351-scaled-2048x750.jpg\" height=\"750\" width=\"2048\" alt=\"\" class=\"slider-28 slide-34\" title=\"kitchen-731351\" \/><\/li>\n                <li style=\"display: none; width: 100%;\" class=\"slide-172 ms-image\" aria-roledescription=\"slide\" aria-label=\"slide-172\"><img loading=\"lazy\" decoding=\"async\" src=\"https:\/\/todocalor.com.py\/web\/wp-content\/uploads\/2023\/06\/pileta_031-960x351.jpg\" height=\"750\" width=\"2048\" alt=\"\" class=\"slider-28 slide-172\" title=\"pileta_031\" \/><\/li>\n            <\/ul>\n        <\/div>\n        \n    <\/div>\n<\/div><\/div>\n\n\n\n<div class=\"wp-block-group is-layout-constrained wp-block-group-is-layout-constrained\">\n<h2 class=\"wp-block-heading alignwide has-text-align-center has-white-color has-text-color\" id=\"we-re-a-studio-in-berlin-with-an-international-practice-in-architecture-urban-planning-and-interior-design-we-believe-in-sharing-knowledge-and-promoting-dialogue-to-increase-the-creative-potential-of-collaboration\" style=\"margin-top:var(--wp--preset--spacing--40);margin-right:var(--wp--preset--spacing--40);margin-bottom:var(--wp--preset--spacing--40);margin-left:var(--wp--preset--spacing--40);padding-top:var(--wp--preset--spacing--40);padding-right:var(--wp--preset--spacing--40);padding-bottom:var(--wp--preset--spacing--40);padding-left:var(--wp--preset--spacing--40);font-size:48px;font-style:normal;font-weight:200;line-height:1.1\">Somos una empresa dedicada a la fabricaci\u00f3n de maquinarias para la <strong>industria gastron\u00f3mica<\/strong><\/h2>\n\n\n\n<p class=\"has-text-align-center\" style=\"padding-top:var(--wp--preset--spacing--30);padding-right:var(--wp--preset--spacing--30);padding-bottom:var(--wp--preset--spacing--30);padding-left:var(--wp--preset--spacing--30)\">Trabajamos para restaurantes, patios de comida, f\u00e1bricas, clubes sociales, hoteles y empresas de catering en todo el territorio nacional. Todos los trabajos que realizamos lo hacemos con entrega a domicilio y seg\u00fan el caso tambi\u00e9n con la instalaci\u00f3n.<\/p>\n\n\n\n<p class=\"has-text-align-center\" style=\"padding-top:var(--wp--preset--spacing--30);padding-right:var(--wp--preset--spacing--30);padding-bottom:var(--wp--preset--spacing--30);padding-left:var(--wp--preset--spacing--30)\">Fabricamos cocinas industriales, hornos, fritadoras, planchas hamburgueseras, mesas, mesadas con piletas, estantes, campanas. Realizamos trabajos en acero inoxidable.<\/p>\n<\/div>\n","protected":false},"excerpt":{"rendered":"<p>Somos una empresa dedicada a la fabricaci\u00f3n de maquinarias para la industria gastron\u00f3mica Trabajamos para restaurantes, patios de comida, f\u00e1bricas, clubes sociales, hoteles y empresas de catering en todo el territorio nacional. Todos los trabajos que realizamos lo hacemos con entrega a domicilio y seg\u00fan el caso tambi\u00e9n con la instalaci\u00f3n. Fabricamos cocinas industriales, hornos, [&hellip;]<\/p>\n","protected":false},"author":1,"featured_media":0,"parent":0,"menu_order":0,"comment_status":"closed","ping_status":"closed","template":"","meta":{"footnotes":""},"class_list":["post-40","page","type-page","status-publish","hentry"],"jetpack_sharing_enabled":true,"_links":{"self":[{"href":"https:\/\/todocalor.com.py\/web\/wp-json\/wp\/v2\/pages\/40","targetHints":{"allow":["GET"]}}],"collection":[{"href":"https:\/\/todocalor.com.py\/web\/wp-json\/wp\/v2\/pages"}],"about":[{"href":"https:\/\/todocalor.com.py\/web\/wp-json\/wp\/v2\/types\/page"}],"author":[{"embeddable":true,"href":"https:\/\/todocalor.com.py\/web\/wp-json\/wp\/v2\/users\/1"}],"replies":[{"embeddable":true,"href":"https:\/\/todocalor.com.py\/web\/wp-json\/wp\/v2\/comments?post=40"}],"version-history":[{"count":11,"href":"https:\/\/todocalor.com.py\/web\/wp-json\/wp\/v2\/pages\/40\/revisions"}],"predecessor-version":[{"id":202,"href":"https:\/\/todocalor.com.py\/web\/wp-json\/wp\/v2\/pages\/40\/revisions\/202"}],"wp:attachment":[{"href":"https:\/\/todocalor.com.py\/web\/wp-json\/wp\/v2\/media?parent=40"}],"curies":[{"name":"wp","href":"https:\/\/api.w.org\/{rel}","templated":true}]}}